
{"id":8067,"date":"2022-01-18T23:20:31","date_gmt":"2022-01-19T00:20:31","guid":{"rendered":"https:\/\/cmsf.cv\/?page_id=8067"},"modified":"2022-07-01T09:45:03","modified_gmt":"2022-07-01T10:45:03","slug":"causas","status":"publish","type":"page","link":"https:\/\/cmsf.cv\/index.php\/causas\/","title":{"rendered":"Fogo Solid\u00e1rio"},"content":{"rendered":"\t\t<div data-elementor-type=\"wp-page\" data-elementor-id=\"8067\" class=\"elementor elementor-8067\" data-elementor-settings=\"[]\">\n\t\t\t\t\t\t\t<div class=\"elementor-section-wrap\">\n\t\t\t\t\t\t\t<section class=\"elementor-section elementor-top-section elementor-element elementor-element-31c599c elementor-section-boxed elementor-section-height-default elementor-section-height-default\" data-id=\"31c599c\" data-element_type=\"section\" data-settings=\"{&quot;jet_parallax_layout_list&quot;:[{&quot;jet_parallax_layout_image&quot;:{&quot;url&quot;:&quot;&quot;,&quot;id&quot;:&quot;&quot;},&quot;_id&quot;:&quot;af3d418&quot;,&quot;jet_parallax_layout_image_tablet&quot;:{&quot;url&quot;:&quot;&quot;,&quot;id&quot;:&quot;&quot;},&quot;jet_parallax_layout_image_mobile&quot;:{&quot;url&quot;:&quot;&quot;,&quot;id&quot;:&quot;&quot;},&quot;jet_parallax_layout_speed&quot;:{&quot;unit&quot;:&quot;%&quot;,&quot;size&quot;:50,&quot;sizes&quot;:[]},&quot;jet_parallax_layout_type&quot;:&quot;scroll&quot;,&quot;jet_parallax_layout_direction&quot;:null,&quot;jet_parallax_layout_fx_direction&quot;:null,&quot;jet_parallax_layout_z_index&quot;:&quot;&quot;,&quot;jet_parallax_layout_bg_x&quot;:50,&quot;jet_parallax_layout_bg_x_tablet&quot;:&quot;&quot;,&quot;jet_parallax_layout_bg_x_mobile&quot;:&quot;&quot;,&quot;jet_parallax_layout_bg_y&quot;:50,&quot;jet_parallax_layout_bg_y_tablet&quot;:&quot;&quot;,&quot;jet_parallax_layout_bg_y_mobile&quot;:&quot;&quot;,&quot;jet_parallax_layout_bg_size&quot;:&quot;auto&quot;,&quot;jet_parallax_layout_bg_size_tablet&quot;:&quot;&quot;,&quot;jet_parallax_layout_bg_size_mobile&quot;:&quot;&quot;,&quot;jet_parallax_layout_animation_prop&quot;:&quot;transform&quot;,&quot;jet_parallax_layout_on&quot;:[&quot;desktop&quot;,&quot;tablet&quot;]}]}\">\n\t\t\t\t\t\t<div class=\"elementor-container elementor-column-gap-default\">\n\t\t\t\t\t<div class=\"elementor-column elementor-col-100 elementor-top-column elementor-element elementor-element-22962d7\" data-id=\"22962d7\" data-element_type=\"column\">\n\t\t\t<div class=\"elementor-widget-wrap elementor-element-populated\">\n\t\t\t\t\t\t\t\t<div class=\"elementor-element elementor-element-0652a91 elementor-widget elementor-widget-heading\" data-id=\"0652a91\" data-element_type=\"widget\" data-widget_type=\"heading.default\">\n\t\t\t\t<div class=\"elementor-widget-container\">\n\t\t\t<h2 class=\"elementor-heading-title elementor-size-medium\">VEJA AS NOSSAS CAUSAS<\/h2>\t\t<\/div>\n\t\t\t\t<\/div>\n\t\t\t\t\t<\/div>\n\t\t<\/div>\n\t\t\t\t\t\t\t<\/div>\n\t\t<\/section>\n\t\t\t\t<section class=\"elementor-section elementor-top-section elementor-element elementor-element-438a631 elementor-section-boxed elementor-section-height-default elementor-section-height-default\" data-id=\"438a631\" data-element_type=\"section\" data-settings=\"{&quot;jet_parallax_layout_list&quot;:[{&quot;jet_parallax_layout_image&quot;:{&quot;url&quot;:&quot;&quot;,&quot;id&quot;:&quot;&quot;},&quot;_id&quot;:&quot;b15cfb8&quot;,&quot;jet_parallax_layout_image_tablet&quot;:{&quot;url&quot;:&quot;&quot;,&quot;id&quot;:&quot;&quot;},&quot;jet_parallax_layout_image_mobile&quot;:{&quot;url&quot;:&quot;&quot;,&quot;id&quot;:&quot;&quot;},&quot;jet_parallax_layout_speed&quot;:{&quot;unit&quot;:&quot;%&quot;,&quot;size&quot;:50,&quot;sizes&quot;:[]},&quot;jet_parallax_layout_type&quot;:&quot;scroll&quot;,&quot;jet_parallax_layout_direction&quot;:null,&quot;jet_parallax_layout_fx_direction&quot;:null,&quot;jet_parallax_layout_z_index&quot;:&quot;&quot;,&quot;jet_parallax_layout_bg_x&quot;:50,&quot;jet_parallax_layout_bg_x_tablet&quot;:&quot;&quot;,&quot;jet_parallax_layout_bg_x_mobile&quot;:&quot;&quot;,&quot;jet_parallax_layout_bg_y&quot;:50,&quot;jet_parallax_layout_bg_y_tablet&quot;:&quot;&quot;,&quot;jet_parallax_layout_bg_y_mobile&quot;:&quot;&quot;,&quot;jet_parallax_layout_bg_size&quot;:&quot;auto&quot;,&quot;jet_parallax_layout_bg_size_tablet&quot;:&quot;&quot;,&quot;jet_parallax_layout_bg_size_mobile&quot;:&quot;&quot;,&quot;jet_parallax_layout_animation_prop&quot;:&quot;transform&quot;,&quot;jet_parallax_layout_on&quot;:[&quot;desktop&quot;,&quot;tablet&quot;]}]}\">\n\t\t\t\t\t\t<div class=\"elementor-container elementor-column-gap-default\">\n\t\t\t\t\t<div class=\"elementor-column elementor-col-100 elementor-top-column elementor-element elementor-element-5971595\" data-id=\"5971595\" data-element_type=\"column\">\n\t\t\t<div class=\"elementor-widget-wrap elementor-element-populated\">\n\t\t\t\t\t\t\t\t<div class=\"elementor-element elementor-element-6b41496 elementor-widget elementor-widget-text-editor\" data-id=\"6b41496\" data-element_type=\"widget\" data-widget_type=\"text-editor.default\">\n\t\t\t\t<div class=\"elementor-widget-container\">\n\t\t\t\t\t\t\t\t<p>Cada doa\u00e7\u00e3o \u00e9 essencial para ajudar as nossas causas<\/p>\t\t\t\t\t\t<\/div>\n\t\t\t\t<\/div>\n\t\t\t\t<div class=\"elementor-element elementor-element-3441f0b elementor-widget elementor-widget-text-editor\" data-id=\"3441f0b\" data-element_type=\"widget\" data-widget_type=\"text-editor.default\">\n\t\t\t\t<div class=\"elementor-widget-container\">\n\t\t\t\t\t\t\t\t<p>Fogo Solid\u00e1rio\u00a0<em>\u00e9<\/em>\u00a0um programa de Mobiliza\u00e7\u00e3o Solid\u00e1ria Nacional e Internacional para implementar da pol\u00edtica de refor\u00e7o de coes\u00e3o social e melhorar as condi\u00e7\u00f5es de vida das pessoas ou personalidades que contribu\u00edram para o desenvolvimento da nossa cidade que por vicissitudes diversas, hoje, precisam da solidariedade de todos. Assim sendo disponibilizamos projetos de vida para um S\u00e3o Filipe melhor, mais coeso e inclusivo.<\/p><p><strong>Ajudem-nos a ajudar os que mais precisam!<\/strong>\u00a0<\/p>\t\t\t\t\t\t<\/div>\n\t\t\t\t<\/div>\n\t\t\t\t\t<\/div>\n\t\t<\/div>\n\t\t\t\t\t\t\t<\/div>\n\t\t<\/section>\n\t\t\t\t<section class=\"elementor-section elementor-top-section elementor-element elementor-element-58ac255f elementor-section-boxed elementor-section-height-default elementor-section-height-default\" data-id=\"58ac255f\" data-element_type=\"section\" data-settings=\"{&quot;jet_parallax_layout_list&quot;:[{&quot;jet_parallax_layout_image&quot;:{&quot;url&quot;:&quot;&quot;,&quot;id&quot;:&quot;&quot;},&quot;_id&quot;:&quot;8980495&quot;,&quot;jet_parallax_layout_image_tablet&quot;:{&quot;url&quot;:&quot;&quot;,&quot;id&quot;:&quot;&quot;},&quot;jet_parallax_layout_image_mobile&quot;:{&quot;url&quot;:&quot;&quot;,&quot;id&quot;:&quot;&quot;},&quot;jet_parallax_layout_speed&quot;:{&quot;unit&quot;:&quot;%&quot;,&quot;size&quot;:50,&quot;sizes&quot;:[]},&quot;jet_parallax_layout_type&quot;:&quot;scroll&quot;,&quot;jet_parallax_layout_direction&quot;:null,&quot;jet_parallax_layout_fx_direction&quot;:null,&quot;jet_parallax_layout_z_index&quot;:&quot;&quot;,&quot;jet_parallax_layout_bg_x&quot;:50,&quot;jet_parallax_layout_bg_x_tablet&quot;:&quot;&quot;,&quot;jet_parallax_layout_bg_x_mobile&quot;:&quot;&quot;,&quot;jet_parallax_layout_bg_y&quot;:50,&quot;jet_parallax_layout_bg_y_tablet&quot;:&quot;&quot;,&quot;jet_parallax_layout_bg_y_mobile&quot;:&quot;&quot;,&quot;jet_parallax_layout_bg_size&quot;:&quot;auto&quot;,&quot;jet_parallax_layout_bg_size_tablet&quot;:&quot;&quot;,&quot;jet_parallax_layout_bg_size_mobile&quot;:&quot;&quot;,&quot;jet_parallax_layout_animation_prop&quot;:&quot;transform&quot;,&quot;jet_parallax_layout_on&quot;:[&quot;desktop&quot;,&quot;tablet&quot;]}]}\">\n\t\t\t\t\t\t<div class=\"elementor-container elementor-column-gap-default\">\n\t\t\t\t\t<div class=\"elementor-column elementor-col-100 elementor-top-column elementor-element elementor-element-2ef5f7c1\" data-id=\"2ef5f7c1\" data-element_type=\"column\">\n\t\t\t<div class=\"elementor-widget-wrap elementor-element-populated\">\n\t\t\t\t\t\t\t\t<div class=\"elementor-element elementor-element-58ac43e8 elementor-widget elementor-widget-shortcode\" data-id=\"58ac43e8\" data-element_type=\"widget\" data-widget_type=\"shortcode.default\">\n\t\t\t\t<div class=\"elementor-widget-container\">\n\t\t\t\t\t<div class=\"elementor-shortcode\">\n<div class=\"wpneo-wrapper\">\n    <div class=\"wpneo-container\">\n                <div class=\"wpneo-wrapper-inner\">\n                                                <div class=\"wpneo-listings three first\">\n                        <div class=\"wpneo-listing-img\">\n    <a href=\"https:\/\/cmsf.cv\/index.php\/produto\/pacov-programa-de-apoio-a-criancas-orfaos-e-vulneraveis\/\" title=\"PACOV- Programa de apoio \u00e0 crian\u00e7as \u00d3rf\u00e3os e vulner\u00e1veis\"> <img width=\"300\" height=\"200\" src=\"https:\/\/cmsf.cv\/wp-content\/uploads\/2022\/05\/IMG_9147-300x200.jpg\" class=\"attachment-woocommerce_thumbnail size-woocommerce_thumbnail\" alt=\"\" loading=\"lazy\" srcset=\"https:\/\/cmsf.cv\/wp-content\/uploads\/2022\/05\/IMG_9147-300x200.jpg 300w, https:\/\/cmsf.cv\/wp-content\/uploads\/2022\/05\/IMG_9147-1024x683.jpg 1024w, https:\/\/cmsf.cv\/wp-content\/uploads\/2022\/05\/IMG_9147-768x512.jpg 768w, https:\/\/cmsf.cv\/wp-content\/uploads\/2022\/05\/IMG_9147-1536x1024.jpg 1536w, https:\/\/cmsf.cv\/wp-content\/uploads\/2022\/05\/IMG_9147-2048x1365.jpg 2048w, https:\/\/cmsf.cv\/wp-content\/uploads\/2022\/05\/IMG_9147-600x400.jpg 600w, https:\/\/cmsf.cv\/wp-content\/uploads\/2022\/05\/IMG_9147-560x373.jpg 560w\" sizes=\"(max-width: 300px) 100vw, 300px\" \/><\/a>\n    <div class=\"overlay\">\n\t\t<div>\n\t\t\t<div>\n\t\t\t\t<a href=\"https:\/\/cmsf.cv\/index.php\/produto\/pacov-programa-de-apoio-a-criancas-orfaos-e-vulneraveis\/\">View Campaign<\/a>\n\t\t\t<\/div>\n\t\t<\/div>\n\t<\/div>\n<\/div>                        <div class=\"wpneo-listing-content\">\n                            <div class=\"woocommerce\"><\/div><h4><a href=\"https:\/\/cmsf.cv\/index.php\/produto\/pacov-programa-de-apoio-a-criancas-orfaos-e-vulneraveis\/ \">PACOV- Programa de apoio \u00e0 crian\u00e7as \u00d3rf\u00e3os e vulner\u00e1veis<\/a><\/h4>\n<p class=\"wpneo-author\">by \n\t<a href=\"\/index.php\/wp-json\/wp\/v2\/pages\/8067?author=cmsf\">C\u00e2mara Municipal S\u00e3o Filipe <\/a>\n<\/p>    <div class=\"wpneo-location\">\n        <i class=\"wpneo-icon wpneo-icon-location\"><\/i>\n        <div class=\"wpneo-meta-desc\">Concelho de S\u00e3o Filipe- Ilha do Fogo, Cabo Verde<\/div>\n    <\/div>\n    <p class=\"wpneo-short-description\">\r\n\r\n\r\n1.T\u00edtulo\r\nPACOV- Programa de apoio \u00e0 crian\u00e7as \u00d3rf\u00e3os e vulner\u00e1veis\r\n\r\n\r\n2. Execu\u00e7\u00e3o\r\nC\u00e2mara Municipal S\u00e3o Filipe\r\n\r\n\r\nContatos\r\n\r\n281 13 13\/ 598 54 68\r\nPto Focal: Vereadora A\u00e7\u00e3o Social, Sa\u00fade e Habita\u00e7\u00e3o- Vanilda Correia\r\n\r\nE-mail: vanilda.corr<\/p>\n<div class=\"wpneo-raised-percent\">\n    <div class=\"wpneo-meta-name\">Raised Percent :<\/div>\n    <div class=\"wpneo-meta-desc\" >0%<\/div>\n<\/div>\n\n<div class=\"wpneo-raised-bar\">\n    <div id=\"neo-progressbar\">\n                <div style=\"width: 0%\"><\/div>\n    <\/div>\n<\/div>\n<div class=\"wpneo-funding-data\">\n\t<div class=\"wpneo-funding-goal\">\n\t\t<div class=\"wpneo-meta-desc\"><span class=\"woocommerce-Price-amount amount\"><bdi>0<span class=\"woocommerce-Price-currencySymbol\">&#36;<\/span><\/bdi><\/span><\/div>\n\t    <div class=\"wpneo-meta-name\">Funding Goal<\/div>\n\t<\/div>\n    <div class=\"wpneo-time-remaining\">\n                    <div class=\"wpneo-meta-desc\">0<\/div>\n            <div class=\"wpneo-meta-name float-left\">Days to go<\/div>\n            <\/div>\n\t<div class=\"wpneo-fund-raised\">\n\t\t<div class=\"wpneo-meta-desc\"><span class=\"woocommerce-Price-amount amount\"><bdi>2.050<span class=\"woocommerce-Price-currencySymbol\">&#36;<\/span><\/bdi><\/span><\/div>\n\t    <div class=\"wpneo-meta-name\">Fund Raised<\/div>\n\t<\/div>\n<\/div><!--div class=\"wpneo-listing-buttons\">\n    <a href=\"< ?php echo get_permalink(); ? >\" class=\"btn-details\">< ?php echo __('Campaign Details', 'wp-crowdfunding'); ? ><\/a>\n<\/div-->                        <\/div>\n                                            <\/div>\n                                    <\/div>\n        <div class=\"wpneo-pagination\">\n    <\/div>    <\/div>\n<\/div><\/div>\n\t\t\t\t<\/div>\n\t\t\t\t<\/div>\n\t\t\t\t\t<\/div>\n\t\t<\/div>\n\t\t\t\t\t\t\t<\/div>\n\t\t<\/section>\n\t\t\t\t\t\t<\/div>\n\t\t\t\t\t<\/div>\n\t\t","protected":false},"excerpt":{"rendered":"<p>VEJA AS NOSSAS CAUSAS Cada doa\u00e7\u00e3o \u00e9 essencial para ajudar as nossas causas Fogo Solid\u00e1rio\u00a0\u00e9\u00a0um programa de Mobiliza\u00e7\u00e3o Solid\u00e1ria Nacional e Internacional para implementar da pol\u00edtica de refor\u00e7o de coes\u00e3o social e melhorar as condi\u00e7\u00f5es de vida das pessoas ou personalidades que contribu\u00edram para o desenvolvimento da nossa cidade que por vicissitudes diversas, hoje, precisam [&hellip;]<\/p>\n","protected":false},"author":1,"featured_media":11497,"parent":0,"menu_order":46,"comment_status":"closed","ping_status":"closed","template":"","meta":[],"acf":[],"wpcf_dashboard":"<div class=\"woocommerce\"><div class=\"woocommerce-info\">Please log in first? <a class=\"wpneoShowLogin\" href=\"#\">Click here to login<\/a><\/div><div class=\"wpneo_login_form_div\" style=\"display: none;\">\n\t\t<form name=\"loginform\" id=\"loginform\" action=\"https:\/\/cmsf.cv\/wp-login.php\" method=\"post\">\n\t\t\t\n\t\t\t<p class=\"login-username\">\n\t\t\t\t<label for=\"user_login\">Nome de utilizador ou endere\u00e7o de email<\/label>\n\t\t\t\t<input type=\"text\" name=\"log\" id=\"user_login\" class=\"input\" value=\"\" size=\"20\" \/>\n\t\t\t<\/p>\n\t\t\t<p class=\"login-password\">\n\t\t\t\t<label for=\"user_pass\">Senha<\/label>\n\t\t\t\t<input type=\"password\" name=\"pwd\" id=\"user_pass\" class=\"input\" value=\"\" size=\"20\" \/>\n\t\t\t<\/p>\n\t\t\t\n\t\t\t<p class=\"login-remember\"><label><input name=\"rememberme\" type=\"checkbox\" id=\"rememberme\" value=\"forever\" \/> Lembrar-me<\/label><\/p>\n\t\t\t<p class=\"login-submit\">\n\t\t\t\t<input type=\"submit\" name=\"wp-submit\" id=\"wp-submit\" class=\"button button-primary\" value=\"Iniciar sess\u00e3o\" \/>\n\t\t\t\t<input type=\"hidden\" name=\"redirect_to\" value=\"https:\/\/cmsf.cv\/index.php\/wp-json\/wp\/v2\/pages\/8067\" \/>\n\t\t\t<\/p>\n\t\t\t\n\t\t<\/form><\/div><\/div>","_links":{"self":[{"href":"https:\/\/cmsf.cv\/index.php\/wp-json\/wp\/v2\/pages\/8067"}],"collection":[{"href":"https:\/\/cmsf.cv\/index.php\/wp-json\/wp\/v2\/pages"}],"about":[{"href":"https:\/\/cmsf.cv\/index.php\/wp-json\/wp\/v2\/types\/page"}],"author":[{"embeddable":true,"href":"https:\/\/cmsf.cv\/index.php\/wp-json\/wp\/v2\/users\/1"}],"replies":[{"embeddable":true,"href":"https:\/\/cmsf.cv\/index.php\/wp-json\/wp\/v2\/comments?post=8067"}],"version-history":[{"count":100,"href":"https:\/\/cmsf.cv\/index.php\/wp-json\/wp\/v2\/pages\/8067\/revisions"}],"predecessor-version":[{"id":11498,"href":"https:\/\/cmsf.cv\/index.php\/wp-json\/wp\/v2\/pages\/8067\/revisions\/11498"}],"wp:featuredmedia":[{"embeddable":true,"href":"https:\/\/cmsf.cv\/index.php\/wp-json\/wp\/v2\/media\/11497"}],"wp:attachment":[{"href":"https:\/\/cmsf.cv\/index.php\/wp-json\/wp\/v2\/media?parent=8067"}],"curies":[{"name":"wp","href":"https:\/\/api.w.org\/{rel}","templated":true}]}}